
What is the remainder when 348 is divided by 8?
4
What is the remainder when 109 is divided by 20?
9
Calculate the remainder when 259 is divided by 106.
47
Calculate the remainder when 214 is divided by 25.
14
Calculate the remainder when 1881 is divided by 314.
311
Calculate the remainder when 668 is divided by 126.
38
Calculate the remainder when 85319 is divided by 158.
157
Calculate the remainder when 146 is divided by 111.
35
What is the remainder when 552 is divided by 20?
12
What is the remainder when 202 is divided by 17?
15
Calculate the remainder when 959 is divided by 472.
15
Calculate the remainder when 850 is divided by 429.
421
Calculate the remainder when 1926 is divided by 958.
10
Calculate the remainder when 935 is divided by 302.
29
Calculate the remainder when 2365 is divided by 184.
157
What is the remainder when 102 is divided by 26?
24
Calculate the remainder when 1312 is divided by 1312.
0
What is the remainder when 243 is divided by 51?
39
What is the remainder when 104 is divided by 57?
47
Calculate the remainder when 401 is divided by 205.
196
What is the remainder when 710 is divided by 31?
28
What is the remainder when 103 is divided by 52?
51
What is the remainder when 168 is divided by 34?
32
Calculate the remainder when 232 is divided by 78.
76
What is the remainder when 28 is divided by 25?
3
What is the remainder when 140 is divided by 41?
17
Calculate the remainder when 1449 is divided by 86.
73
What is the remainder when 270 is divided by 39?
36
Calculate the remainder when 213 is divided by 104.
5
Calculate the remainder when 235 is divided by 14.
11
Calculate the remainder when 762 is divided by 15.
12
What is the remainder when 962 is divided by 23?
19
What is the remainder when 52821 is divided by 372?
369
Calculate the remainder when 76 is divided by 26.
24
Calculate the remainder when 2694 is divided by 150.
144
Calculate the remainder when 31 is divided by 1.
0
What is the remainder when 109 is divided by 21?
4
What is the remainder when 884 is divided by 10?
4
What is the remainder when 79 is divided by 18?
7
What is the remainder when 358 is divided by 21?
1
Calculate the remainder when 113 is divided by 51.
11
What is the remainder when 574 is divided by 6?
4
What is the remainder when 1569 is divided by 519?
12
Calculate the remainder when 2517 is divided by 28.
25
What is the remainder when 493 is divided by 45?
43
What is the remainder when 639 is divided by 39?
15
Calculate the remainder when 527 is divided by 16.
15
What is the remainder when 4424 is divided by 246?
242
Calculate the remainder when 181 is divided by 63.
55
Calculate the remainder when 335 is divided by 48.
47
Calculate the remainder when 1079 is divided by 15.
14
Calculate the remainder when 95 is divided by 14.
11
What is the remainder when 55 is divided by 24?
7
Calculate the remainder when 1453 is divided by 97.
95
What is the remainder when 405 is divided by 136?
133
Calculate the remainder when 285 is divided by 137.
11
Calculate the remainder when 1894 is divided by 177.
124
Calculate the remainder when 94 is divided by 14.
10
What is the remainder when 35 is divided by 14?
7
Calculate the remainder when 301 is divided by 8.
5
Calculate the remainder when 1351 is divided by 3.
1
Calculate the remainder when 1650 is divided by 183.
3
What is the remainder when 382 is divided by 8?
6
What is the remainder when 74 is divided by 25?
24
What is the remainder when 1475 is divided by 314?
219
Calculate the remainder when 6992 is divided by 111.
110
What is the remainder when 401 is divided by 153?
95
What is the remainder when 392 is divided by 197?
195
What is the remainder when 1745 is divided by 19?
16
What is the remainder when 1355 is divided by 562?
231
What is the remainder when 10919 is divided by 65?
64
Calculate the remainder when 19 is divided by 4.
3
Calculate the remainder when 160 is divided by 45.
25
Calculate the remainder when 54 is divided by 16.
6
What is the remainder when 476 is divided by 15?
11
What is the remainder when 196 is divided by 4?
0
What is the remainder when 143 is divided by 18?
17
Calculate the remainder when 1017 is divided by 264.
225
What is the remainder when 41 is divided by 7?
6
What is the remainder when 443 is divided by 90?
83
Calculate the remainder when 142 is divided by 36.
34
Calculate the remainder when 729 is divided by 187.
168
Calculate the remainder when 237 is divided by 120.
117
What is the remainder when 923 is divided by 105?
83
What is the remainder when 33 is divided by 17?
16
What is the remainder when 33 is divided by 7?
5
Calculate the remainder when 3758 is divided by 38.
34
What is the remainder when 1952 is divided by 163?
159
What is the remainder when 712 is divided by 1?
0
What is the remainder when 836 is divided by 42?
38
What is the remainder when 243 is divided by 186?
57
What is the remainder when 19787 is divided by 12?
11
What is the remainder when 6915 is divided by 161?
153
Calculate the remainder when 259 is divided by 208.
51
Calculate the remainder when 539 is divided by 54.
53
What is the remainder when 180 is divided by 14?
12
Calculate the remainder when 5 is divided by 2.
1
Calculate the remainder when 703 is divided by 15.
13
What is the remainder when 175 is divided by 49?
28
What is the remainder when 524 is divided by 261?
2
What is the remainder when 1048 is divided by 21?
19
Calculate the remainder when 41 is divided by 23.
18
Calculate the remainder when 331 is divided by 60.
31
What is the remainder when 2043 is divided by 427?
335
Calculate the remainder when 253 is divided by 32.
29
Calculate the remainder when 132 is divided by 40.
12
What is the remainder when 123 is divided by 63?
60
Calculate the remainder when 1079 is divided by 119.
8
Calculate the remainder when 35 is divided by 8.
3
What is the remainder when 27 is divided by 15?
12
What is the remainder when 1043 is divided by 54?
17
Calculate the remainder when 555 is divided by 48.
27
What is the remainder when 123 is divided by 22?
13
Calculate the remainder when 300 is divided by 122.
56
What is the remainder when 867 is divided by 424?
19
What is the remainder when 3656 is divided by 3647?
9
Calculate the remainder when 3291 is divided by 410.
11
Calculate the remainder when 69 is divided by 20.
9
What is the remainder when 106 is divided by 79?
27
Calculate the remainder when 4171 is divided by 14.
13
Calculate the remainder when 298 is divided by 30.
28
What is the remainder when 3714 is divided by 59?
56
What is the remainder when 181 is divided by 14?
13
What is the remainder when 1619 is divided by 90?
89
What is the remainder when 184 is divided by 32?
24
What is the remainder when 2249 is divided by 230?
179
Calculate the remainder when 540 is divided by 68.
64
What is the remainder when 21944 is divided by 209?
208
Calculate the remainder when 2967 is divided by 9.
6
Calculate the remainder when 197 is divided by 182.
15
What is the remainder when 1854 is divided by 459?
18
Calculate the remainder when 109 is divided by 57.
52
What is the remainder when 275 is divided by 88?
11
What is the remainder when 4684 is divided by 55?
9
Calculate the remainder when 146 is divided by 31.
22
What is the remainder when 1016 is divided by 15?
11
Calculate the remainder when 821 is divided by 375.
71
What is the remainder when 10 is divided by 7?
3
What is the remainder when 599 is divided by 59?
9
Calculate the remainder when 168 is divided by 39.
12
What is the remainder when 132 is divided by 7?
6
What is the remainder when 170 is divided by 38?
18
Calculate the remainder when 806 is divided by 30.
26
Calculate the remainder when 2419 is divided by 64.
51
What is the remainder when 7046 is divided by 53?
50
Calculate the remainder when 5065 is divided by 149.
148
Calculate the remainder when 281 is divided by 58.
49
What is the remainder when 82 is divided by 34?
14
What is the remainder when 1054 is divided by 86?
22
What is the remainder when 273 is divided by 67?
5
Calculate the remainder when 25 is divided by 10.
5
What is the remainder when 1726 is divided by 5?
1
Calculate the remainder when 121 is divided by 33.
22
Calculate the remainder when 622 is divided b